e number?
True
Is 9008947 composite?
False
Is 25886541 composite?
True
Is 499943 prime?
True
Is 1632887 composite?
False
Is 1624391 prime?
False
Is 6456769 composite?
True
Is 13511131 a composite number?
True
Is 25808177 prime?
True
Is 621337 a prime number?
True
Is 6642947 prime?
False
Is 48564511 a prime number?
True
Is 230173 a composite number?
True
Is 818561 a composite number?
False
Is 145859605 a prime number?
False
Is 5743369 prime?
True
Is 1771937 a prime number?
True
Is 5487233 composite?
True
Is 582660905 a prime number?
False
Is 872453 a prime number?
True
Is 40792541 prime?
False
Is 24172939 prime?
False
Is 20498603 composite?
False
Is 1014818819 prime?
False
Is 1686527 prime?
True
Is 62459 prime?
True
Is 86111717 a composite number?
False
Is 212027 composite?
True
Is 10672121 composite?
False
Is 26463121 a prime number?
True
Is 284978279 a prime number?
False
Is 145741 a composite number?
True
Is 134055791 a composite number?
True
Is 11823263 composite?
True
Is 144636071 a composite number?
True
Is 352015507 prime?
False
Is 2078227 composite?
True
Is 27312083 composite?
False
Is 38971243 a prime number?
True
Is 33407903 a composite number?
False
Is 8418299 a composite number?
True
Is 2005019 composite?
False
Is 2201387 composite?
False
Is 22952639 a composite number?
False
Is 11933546 a composite number?
True
Is 2561593 composite?
False
Is 26306681 prime?
True
Is 1996429 a composite number?
True
Is 136444019 prime?
True
Is 254600053 a prime number?
True
Is 6665281 composite?
True
Is 2945561 a prime number?
False
Is 24370243 a composite number?
False
Is 705389 a composite number?
False
Is 162937 a composite number?
False
Is 112189811 prime?
True
Is 202142519 a composite number?
True
Is 5149259 prime?
True
Is 982502611 a prime number?
True
Is 586037 prime?
True
Is 42644389 a composite number?
False
Is 26937749 a composite number?
False
Is 192485999 prime?
True
Is 393017 composite?
False
Is 5070077 a prime number?
False
Is 241740371 a composite number?
False
Is 281386207 a prime number?
True
Is 574435579 prime?
True
Is 2315461 a composite number?
False
Is 199277131 composite?
False
Is 1837453 prime?
True
Is 19126507 a prime number?
True
Is 1264447 a prime number?
True
Is 1100113061 prime?
False
Is 12010837 a prime number?
False
Is 44339117 prime?
True
Is 1568939 a prime number?
False
Is 28043771 composite?
True
Is 10277221 a composite number?
True
Is 6226655 composite?
True
Is 939247 prime?
True
Is 19992407 a prime number?
True
Is 766903 prime?
False
Is 190106321 a composite number?
True
Is 451441609 prime?
True
Is 12197369 prime?
True
Is 12104447 prime?
False
Is 6444259 composite?
False
Is 100488407 a prime number?
False
Is 356933 composite?
False
Is 284602187 prime?
False
Is 918319 a composite number?
False
Is 30690689 prime?
True
Is 160230319 composite?
True
Is 94397 composite?
False
Is 1091141 prime?
False
Is 2597363 composite?
True
Is 234440231 a composite number?
False
Is 36583657 composite?
True
Is 31827469 prime?
False
Is 2398861 composite?
False
Is 10707715 composite?
True
Is 19987633 a composite number?
False
Is 4350119 a prime number?
True
Is 2086683 prime?
False
Is 4620007 composite?
True
Is 6504923 prime?
True
Is 1811998 prime?
False
Is 191209877 a composite number?
False
Is 3113197 a prime number?
True
Is 1236659 a composite number?
False
Is 81865663 a prime number?
False
Is 110307539 prime?
False
Is 10974493 a prime number?
True
Is 46419013 composite?
True
Is 3753563 a composite number?
True
Is 5811341 a composite number?
True
Is 331211507 composite?
True
Is 39527141 prime?
False
Is 8735179 a prime number?
True
Is 40294673 composite?
True
Is 5435239 prime?
False
Is 3826843 prime?
True
Is 442074367 a composite number?
True
Is 67997213 composite?
False
Is 155010305 a composite number?
True
Is 3775907 composite?
False
Is 18613983 prime?
False
Is 100276907 composite?
False
Is 160547666 composite?
True
Is 2724479 a prime number?
True
Is 23199613 prime?
True
Is 17349001 a prime number?
True
Is 3630089 a prime number?
False
Is 791191 composite?
False
Is 12863839 a prime number?
True
Is 71784655 prime?
False
Is 8118203 prime?
False
Is 60209 a composite number?
False
Is 8536283 prime?
False
Is 44358449 a composite number?
True
Is 86309 a composite number?
True
Is 109124987 prime?
True
Is 22813679 composite?
True
Is 941076209 prime?
False
Is 684683 prime?
True
Is 11176117 a composite number?
True
Is 10690087 prime?
True
Is 26555993 prime?
True
Is 882571691 a composite number?
False
Is 139503181 composite?
False
Is 157537799 composite?
True
Is 27107077 prime?
True
Is 5016413 composite?
False
Is 6319981 composite?
False
Is 1818833 a prime number?
True
Is 127781 composite?
False
Is 629206321 a prime number?
False
Is 349919 composite?
False
Is 18380539 composite?
False
Is 3112661 prime?
True
Is 43547719 composite?
False
Is 2618423 a prime number?
True
Is 48135523 prime?
True
Is 5582767 prime?
False
Is 204913487 composite?
False
Is 17275333 composite?
False
Is 24801694 composite?
True
Is 16401367 a prime number?
False
Is 3227605 a composite number?
True
Is 6887911 a composite number?
True
Is 12162809 a prime number?
True
Is 202819811 prime?
True
Is 75522849 a prime number?
False
Is 689880395 composite?
True
Is 3571283 prime?
True
Is 20407099 a composite number?
False
Is 11777483 a prime number?
True
Is 838579 a composite number?
True
Is 5740043 composite?
False
Is 15528949 a composite number?
True
Is 2285233 a composite number?
True
Is 34872281 a prime number?
True
Is 8807167 a prime number?
False
Is 14746379 composite?
False
Is 150734477 composite?
True
Is 7303727 composite?
True
Is 199696139 a composite number?
False
Is 285357199 prime?
True
Is 14693317 prime?
True
Is 80984153 a prime number?
False
Is 1397859737 composite?
False
Is 93721659 prime?
False
Is 119965537 a prime number?
True
Is 719981 a prime number?
True
Is 961567 a prime number?
True
Is 627433 a composite number?
False
Is 231197621 a prime number?
True
Is 14427838 prime?
False
Is 2411287 composite?
False
Is 274487 a composite number?
True
Is 9156577 a prime number?
True
Is 1073627 prime?
True
Is 6194194 a composite number?
True
Is 14993017 a composite number?
True
Is 43694011 prime?
True
Is 1433714 a prime number?
False
Is 1507621 a composite number?
True
Is 214414193 composite?
True
Is 1080899 prime?
True
Is 2621953 a composite number?
True
Is 108835381 a composite number?
False
Is 448727 prime?
True
Is 72647891 prime?
True
Is 150790909 prime?
False
Is 7549601 a composite number?
False
Is 29141569 a composite number?
True
Is 161772641 prime?
True
Is 45761833 a prime number?
False
Is 4476707 composite?
False
Is 7285891 a prime number?
True
Is 629287 prime?
False
Is 25696769 a prime number?
False
Is 348125441 a composite number?
False
Is 1152023 a composite number?
False
Is 160057 a prime number?
False
Is 20322249 composite?
True
Is 960853 a composite number?
True
Is 6318833 a prime number?
True
Is 669901 prime?
True
Is 249634927 prime?
True
Is 48287537 composite?
True
Is 7378171 prime?
False
Is 694795 prime?
False
Is 1148469371 prime?
False
Is 17621971 prime?
False
Is 94738079 a composite number?
False
Is 2906611 composite?
True
Is 262736449 composite?
False
Is 363146243 prime?
False
Is 44247439 composite?
False
Is 33503138 prime?
False
Is 618361 prime?
True
Is 2130659 composite?
True
Is 10622917 a prime number?
False
Is 340970194 a prime number?
False
Is 3041297 prime?
False
Is 64480499 prime?
False
Is 269023 prime?
True
Is 8121499 a prime number?
True
Is 1860659249 a composite number?
False
Is 4912491 a composite number?
True
Is 8360369 a composite number?
True
Is 1101421 a prime number?
True
Is 270746441 composite?
True
Is 176605691 prime?
True
Is 24487337 composite?
True
Is 53813021 composite?
False
Is 72599921 composite?
True
Is 69992057 prime?
True
Is 383860007 a composite number?
True
Is 129993337 prime?
False
Is 358905401 a prime number?
True
Is 32585627 prime?
False
Is 478085 composite?
True
Is 7170949 a prime number?
True
Is 2380901 composite?
True
Is 15959 a prime number?
True
Is 389661 a composite number?
True
Is 8443654 a composite number?
True
Is 219169 a composite number?
False
Is 32311337 a prime number?
True
Is 29866997 prime?
True
Is 97094605 c